thousands digit of (3351/2)/(u/42)?
1
Let i(a) = -337*a - 23. Let s be i(-23). Suppose 0 = 10*o + 2*o - s. What is the tens digit of o?
4
Let i = 16837 + 13526. What is the tens digit of i?
6
Let a(b) = b**2 + 2*b + 7. Let r be a(-10). Let u = -84 + r. Let o(l) = 24*l + 9. What is the tens digit of o(u)?
8
Let n = 64 - 70. Let y be n/2 + (-1998)/(-3). Suppose m + 4*z - 214 = 0, -2*m + 2*z + y = 235. What is the hundreds digit of m?
2
What is the thousands digit of (47445/(-9))/(320/(-384))?
6
Suppose 0 = -3*b - 4*b - 483. Let g = b + 74. Suppose 214 = 2*h + g*i, 5*h - 182 = 3*h + 3*i. What is the tens digit of h?
9
Let f(d) = -1520*d - 1247. What is the thousands digit of f(-10)?
3
Let t(s) = 7*s + 59. Suppose 4 - 15 = -o. Let d be t(o). Suppose 3*y = d + 284. What is the tens digit of y?
4
Let o(l) = 11*l - 13. Let t be o(13). Suppose t - 134 = -c. What is the tens digit of (c + 8)/(2/4)?
2
Let l be 4/6 - 18/27. Suppose -3*h - 2*p + 1360 = l, 5*h + 3*p + p = 2268. What is the tens digit of h?
5
Let t be 2/2*-4 - -201. Suppose -t = 3*q - 2*x, 2*q + 78 = -5*x - 47. Let s = q + 233. What is the tens digit of s?
6
Let i be ((-34)/(-3))/(1/12). Suppose -2*o - 4*d = -600, -o + i = -3*d - 164. What is the hundreds digit of o?
3
Suppose -108*s + 1 = -107*s, -s = 5*u - 10971. What is the hundreds digit of u?
1
Suppose 133*v + 181*v + 23501 - 155695 = 0. What is the tens digit of v?
2
Suppose -2*g = -13*g + 14443. Let s = g + -714. What is the hundreds digit of s?
5
Let a(l) = -5*l**2 - 34*l + 8. Suppose y - 2*y - 5*t - 67 = 0, -5*t = -3*y - 161. Let i = -64 - y. What is the units digit of a(i)?
1
Suppose 6*c - 15 = c. Suppose -c*s + 452 = -142. Suppose 3*t = -5*d + s, -5*d = -4*t - 2*d + 293. What is the tens digit of t?
7
Let v(r) = -r**3 + 62*r**2 + 92*r + 809. What is the units digit of v(55)?
4
Let n = -56 - -90. Let f be 1 - (0/4)/1 - 1. What is the tens digit of n/3*(4 - 1 - f)?
3
Suppose 116*y - 114*y + g - 45517 = 0, y - 22766 = g. What is the tens digit of y?
6
Suppose -4*z - 3 = -z, -s - 2*z = -129. Let q = 50 - 9. Suppose -s = -2*n + q. What is the tens digit of n?
8
What is the units digit of (1 - -8) + 3076*6/72*66?
7
Let w(b) = -b**3 + 5*b**2 - 2*b + 7. Let g be w(5). Suppose 3*i + 5*c = 5*i + 12, 4*i = 5*c - 34. What is the units digit of 0 - i - (g + 0 - -2)?
2
Let u = -130 - -130. Suppose -h + 6*h - x = 4049, -h - 4*x + 814 = u. What is the units digit of h?
0
Let g(a) = -a**3 - 3*a**2 + 7*a + 8. Let u be g(-4). Let n be u*(-21)/24*-4. Let b(v) = v + 35. What is the units digit of b(n)?
1
Let b(u) = -3*u - 33. Let l be b(-11). Suppose -6 + 11 = -5*z. What is the units digit of l - z - (88 - 4)/(-1)?
5
Let u(d) = 186*d**2 + 317*d + 3. What is the units digit of u(6)?
1
Suppose 0 + 6 = -3*l. Let h be (3/1)/(3/l). Let j(b) = -23*b - 12. What is the units digit of j(h)?
4
Suppose 0 = -13*o + 149 + 7. Suppose -o*j = -589 - 6011. What is the tens digit of j?
5
Let o(c) = 1395*c**2 - 610*c - 2460. What is the tens digit of o(-4)?
0
What is the hundreds digit of (-60)/(-2970)*66 + 25550/3?
5
Let o = 8815 - 4298. What is the hundreds digit of o?
5
Let y = -140 - -241. Suppose -3*d + y = 83. Suppose -3*a = -d*a + 216. What is the tens digit of a?
7
Suppose -4*r - 4*s + 20351 = 6027, -2*s + 8 = 0. What is the thousands digit of r?
3
Let k be (-52)/(-182) - 29377/(-7). Let j = k + -2626. What is the units digit of j?
1
Suppose 17*h - 14908 - 182343 = 0. What is the units digit of h?
3
Suppose 0*r + 4*r = 5*m + 45, -r = 0. What is the units digit of 116*3/(-9)*m?
8
Suppose -4*o + 121 = -0*k - 3*k, o - 2*k = 24. Let m = -32 + o. What is the tens digit of -2*((-17)/m + 2)?
1
Let q = -8416 - -13623. What is the hundreds digit of q?
2
Let l(i) = 417*i - 126. What is the units digit of l(2)?
8
Let r = -100 - -163. Suppose r = -5*u + 553. What is the units digit of u?
8
Suppose -4*u + 127418 = 3*p - 109381, 0 = -u + 5*p + 59148. What is the tens digit of u?
9
Suppose -15*w + 18983 = -58747. What is the thousands digit of w?
5
Suppose 504 = 2*z - b, -z + 2*b + 3*b + 252 = 0. What is the tens digit of z?
5
Let x(t) = -2109*t - 654. What is the thousands digit of x(-17)?
5
Let f(t) = -t**2 + 4*t + 27. Let h be f(7). Let l(m) = -2*m**2 + 29*m + 18. What is the hundreds digit of l(h)?
1
Suppose -v - 21256 = -2*x + 115, 2*x + 3*v - 21391 = 0. Suppose 0 = -14*r + x + 7666. What is the hundreds digit of r?
3
Suppose b + 24 = 9*b. Suppose -40 = b*r - 31. What is the tens digit of 18 + 2 + r + -5?
1
Let m be (-49)/(-14) - 1028/(-8). What is the hundreds digit of m + (-6)/(12/2)?
1
Suppose 6 = 3*y - 2*q, q - 4 = -2*y + 5*q. Let k be (2 + -1 + 5 - y)*28. Let a = -38 + k. What is the tens digit of a?
7
Let w(u) = u**2 - 6*u + 4. Let c be w(12). Suppose -c = -4*k + 2*k. Let b = 74 - k. What is the units digit of b?
6
Suppose 0 = 4*h + 8. Let f be (h + -2)/(0 + -1). Suppose f*d = p + 452, -3*p = -0*p - 12. What is the units digit of d?
4
Suppose -139 - 8 = -3*v. Suppose -5*d = 0, -27 = -5*k - 5*d + 288. Let t = v + k. What is the tens digit of t?
1
Let o = 246 + 1992. Let s = o + -1176. What is the thousands digit of s?
1
Let l(t) = -5*t**2 - 15*t - 6. Let g be l(-2). Suppose 5*u - 333 = -h, 5*h - 2*h - 923 = g*u. What is the hundreds digit of h?
3
Suppose 118*y - 120*y + 73090 = n, -4*n - 182712 = -5*y. What is the hundreds digit of y?
5
Suppose 0 = 33*f + 26*f - 726115 + 260310. What is the thousands digit of f?
7
Suppose -13*z + 22 = -56. Let v(a) = 10*a**2 - 39*a - 17. What is the tens digit of v(z)?
0
Let p(b) = 65*b - 121*b - 1 + 60*b - 183*b**2. Let h be p(1). What is the units digit of 10/2*h/8*-2?
5
Suppose -4*g = -9054 - 24626. Suppose g = 11*d + 357. What is the units digit of d?
3
Suppose 9*y = 10*y - 887. Suppose -6*p = 499 + y. What is the hundreds digit of (-9 - -2)*11/(p/558)?
1
Let y(f) = 418*f - 3. Let h be y(-2). Let v = h - -1039. What is the units digit of v?
0
Suppose 0 = 3*t + w - 192, t - 53 = -7*w + 3*w. Let d = t - 36. Let o = -26 + d. What is the units digit of o?
3
Suppose -17*n + 1295 = -847. Suppose y = -2*m + 80 + n, -y = 3*m - 211. What is the units digit of y?
6
Let a(h) = -137*h + 104. Let n(t) = t**3 - 3*t**2 - 14*t - 2. Let j be n(-3). What is the thousands digit of a(j)?
2
Let j(l) = -7080*l**3 - 3*l**2 - 85*l - 152. What is the hundreds digit of j(-2)?
6
Let w(f) = 8*f**2 + 164*f - 170*f + 3*f**2 - 2. Let v be w(-3). Let d = v + -41. What is the units digit of d?
4
Suppose -141*a + 130*a + 22 = 0. Suppose -a*z - 5*f + 1110 = -942, 4*z = 2*f + 4152. What is the tens digit of z?
3
Let y be ((-158)/4)/(1 - 207/216). Let u = y + 1429. What is the tens digit of u?
8
Suppose 7256*w - 320348 = 7222*w. What is the units digit of w?
2
Let a be (13 + -14)*(4 + 0). Let t(l) = 18*l**2 + l + 3. What is the units digit of t(a)?
7
Suppose 196*r - 3200 = 186*r. Suppose -r*a + 309*a + 14355 = 0. What is the thousands digit of a?
1
Let t(v) = 2*v**3 - 9*v**2 - 13*v + 9. Let g be t(-6). Let f = 1365 + g. What is the units digit of f?
6
Let f be (5 + 128/(-24))*(1 - 562). What is the tens digit of (23 - f)*(1 + 0 + -2)?
6
Let q(c) = 8*c**3 - 6*c**2 + 7*c + 3. Let s be q(6). Suppose 0*b + 4*b - s = -5*l, 5*b + 10 = 0. What is the units digit of l?
3
Let h(a) = 11*a**2 + 9*a - 7. Let d(k) = -21*k**2 - 17*k + 13. Let x(r) = -6*d(r) - 11*h(r). Suppose -4*m = 3 + 17. What is the tens digit of x(m)?
0
Let a(c) = 17*c**2 + c + 6. Let w be a(6). Suppose -x - w - 151 = -4*s, x = 5*s - 968. What is the hundreds digit of s?
1
Let y be ((-2260)/8 - -6)*2. Let q = y + 994. What is the hundreds digit of q?
4
Let t(l) = -61*l + 1. Let w be t(-17). Suppose -5058 = -15*d - w. What is the tens digit of d?
6
Let k(c) = c**2 - 5*c - 9. Let q be k(7). Let w(f) = 418 + 412 - 1227 + 43*f + 415. What is the hundreds digit of w(q)?
2
Let r = 32 - 27. Suppose -4*v = -3*w - 3*v + 1230, -r*w + v + 2050 = 0. Let c = w - 291. What is the hundreds digit of c?
1
Let a be ((-3)/((-6)/22))/1. Suppose 6*x = a*x - 745. What is the units digit of x?
9
Let w(c) = 2*c**2 + 11*c - 5. Let y be w(-6). Let q be 2 - (237 - y)/(-2). Suppose -13*t = -15*t + q. What is the tens digit of t?
6
Let s be ((-6)/(-4))/(12/120). Suppose 0 = -2*l - s + 1. Let f = 119 - l. What is the tens digit of f